What is the greatest common divisor of 775 and 25?
25
What is the highest common factor of 8030 and 146?
146
What is the highest common divisor of 815 and 326?
163
Calculate the greatest common divisor of 903 and 21.
21
Calculate the greatest common divisor of 189 and 27.
27
What is the greatest common factor of 34 and 2?
2
Calculate the greatest common divisor of 279 and 93.
93
What is the highest common factor of 70 and 710?
10
What is the greatest common factor of 707 and 7?
7
Calculate the highest common factor of 276 and 84.
12
Calculate the highest common factor of 1897 and 7.
7
Calculate the highest common divisor of 1 and 2399.
1
Calculate the greatest common divisor of 6 and 5.
1
What is the highest common factor of 413 and 236?
59
Calculate the greatest common factor of 48 and 123.
3
Calculate the greatest common divisor of 77 and 352.
11
What is the highest common factor of 5 and 26?
1
Calculate the highest common factor of 4462 and 184.
46
What is the greatest common divisor of 285 and 361?
19
What is the highest common divisor of 19 and 9291?
19
What is the highest common divisor of 329 and 2115?
47
What is the highest common divisor of 27777 and 141?
141
Calculate the highest common divisor of 160 and 256.
32
Calculate the highest common factor of 4 and 556.
4
What is the highest common factor of 2321 and 55?
11
What is the highest common divisor of 35 and 875?
35
Calculate the greatest common factor of 60 and 38730.
30
What is the greatest common divisor of 4 and 109?
1
What is the highest common divisor of 3 and 993?
3
Calculate the highest common divisor of 36 and 156.
12
Calculate the highest common factor of 231 and 126.
21
What is the greatest common divisor of 452 and 16?
4
What is the greatest common divisor of 30 and 780?
30
What is the greatest common factor of 260 and 364?
52
What is the greatest common factor of 115 and 27140?
115
What is the greatest common factor of 480 and 75?
15
What is the greatest common divisor of 58 and 174?
58
What is the greatest common divisor of 308 and 231?
77
What is the greatest common factor of 2266 and 22?
22
Calculate the highest common divisor of 44 and 316.
4
What is the greatest common factor of 7 and 27?
1
What is the greatest common factor of 140 and 308?
28
What is the greatest common factor of 12 and 32?
4
What is the greatest common divisor of 50 and 325?
25
What is the greatest common factor of 6534 and 2079?
297
Calculate the greatest common divisor of 570 and 90.
30
What is the greatest common divisor of 56 and 88?
8
Calculate the greatest common factor of 14 and 1365.
7
Calculate the greatest common factor of 245 and 3395.
35
What is the highest common divisor of 520 and 410?
10
Calculate the greatest common factor of 20 and 404.
4
What is the greatest common factor of 1292 and 408?
68
Calculate the greatest common factor of 13 and 299.
13
Calculate the highest common divisor of 117 and 3744.
117
What is the greatest common divisor of 2565 and 405?
135
What is the highest common divisor of 208 and 912?
16
What is the highest common divisor of 506 and 4301?
253
Calculate the highest common factor of 22 and 99.
11
What is the greatest common factor of 32 and 1520?
16
Calculate the highest common divisor of 48 and 17196.
12
What is the highest common divisor of 121 and 66?
11
Calculate the greatest common factor of 162 and 6750.
54
What is the greatest common factor of 58 and 106?
2
What is the greatest common divisor of 11830 and 26?
26
Calculate the highest common factor of 2712 and 96.
24
What is the highest common divisor of 19 and 1387?
19
What is the highest common divisor of 1414 and 98?
14
What is the greatest common divisor of 10 and 620?
10
Calculate the greatest common divisor of 320 and 1680.
80
Calculate the highest common divisor of 87 and 26970.
87
Calculate the greatest common divisor of 58 and 6.
2
What is the highest common factor of 3879 and 36?
9
Calculate the greatest common factor of 618 and 702.
6
What is the highest common factor of 572 and 26?
26
What is the greatest common factor of 14 and 798?
14
Calculate the greatest common divisor of 1162 and 182.
14
What is the highest common factor of 216 and 162?
54
Calculate the highest common divisor of 2600 and 8.
8
Calculate the highest common divisor of 24 and 1884.
12
What is the highest common factor of 30969 and 37?
37
Calculate the highest common divisor of 12 and 7404.
12
Calculate the highest common factor of 9 and 147.
3
What is the highest common divisor of 1288 and 5635?
161
Calculate the greatest common factor of 399 and 2261.
133
What is the highest common factor of 15 and 345?
15
Calculate the highest common divisor of 62 and 961.
31
Calculate the highest common factor of 1520 and 80.
80
What is the greatest common divisor of 352 and 24?
8
What is the highest common divisor of 184 and 32?
8
Calculate the greatest common factor of 7 and 189.
7
Calculate the greatest common divisor of 2800 and 896.
112
What is the highest common factor of 20 and 2620?
20
What is the highest common divisor of 168 and 36?
12
Calculate the highest common divisor of 63 and 1953.
63
Calculate the greatest common factor of 9234 and 648.
162
What is the greatest common factor of 43 and 2?
1
What is the highest common divisor of 992 and 31?
31
What is the highest common divisor of 12872 and 8?
8
What is the greatest common factor of 1580 and 237?
79
Calculate the highest common divisor of 216 and 27.
27
What is the highest common divisor of 4164 and 24?
12
Calculate the greatest common divisor of 10 and 90.
10
Calculate the greatest common divisor of 11 and 3377.
11
Calculate the highest common factor of 34 and 4352.
34
What is the highest common factor of 7614 and 94?
94
Calculate the highest common factor of 51 and 289.
17
What is the highest common divisor of 89 and 1157?
89
Calculate the highest common divisor of 20 and 170.
10
Calculate the highest common divisor of 72 and 3060.
36
Calculate the highest common divisor of 17 and 153.
17
Calculate the highest common divisor of 112 and 176.
16
What is the highest common factor of 318 and 39750?
318
What is the highest common factor of 1312 and 123?
41
Calculate the greatest common divisor of 16 and 432.
16
Calculate the greatest common divisor of 12532 and 52.
52
Calculate the highest common factor of 5015 and 51.
17
Calculate the greatest common factor of 13856 and 16.
16
What is the highest common factor of 38 and 1957?
19
Calculate the highest common divisor of 23 and 966.
23
What is the greatest common divisor of 168 and 1624?
56
What is the greatest common factor of 15 and 645?
15
What is the highest common factor of 33 and 12?
3
What is the greatest common factor of 88 and 176?
88
What is the highest common factor of 159 and 371?
53
What is the highest common factor of 2420 and 32?
4
What is the greatest common factor of 182 and 63?
7
Calculate the highest common factor of 99 and 4125.
33
Calculate the highest common divisor of 24 and 3498.
6
Calculate the greatest common factor of 719 and 3.
1
Calculate the greatest common factor of 128 and 7104.
64
What is the highest common factor of 6775 and 3523?
271
Calculate the greatest common factor of 1632 and 528.
48
What is the greatest common factor of 133 and 63?
7
What is the highest common factor of 7429 and 34?
17
What is the highest common divisor of 730 and 584?
146
What is the greatest common divisor of 535 and 963?
107
Calculate the greatest common divisor of 189 and 216.
27
Calculate the greatest common divisor of 17823 and 39.
39
Calculate the highest common factor of 2737 and 595.
119
Calculate the highest common factor of 12582 and 540.
54
Calculate the highest common divisor of 384 and 24.
24
What is the greatest common factor of 1233 and 36?
9
Calculate the greatest common factor of 560 and 22624.
112
Calculate the highest common factor of 709 and 3.
1
Calculate the highest common factor of 132 and 468.
12
Calculate the greatest common divisor of 132 and 462.
66
What is the highest common divisor of 9415 and 35?
35
What is the greatest common divisor of 42 and 3206?
14
Calculate the highest common factor of 21 and 48.
3
Calculate the greatest common factor of 175 and 7.
7
Calculate the greatest c